 413830 is divided by 15?
10
Calculate the remainder when 142659165 is divided by 71329578.
9
Calculate the remainder when 10909497 is divided by 3771.
3765
What is the remainder when 194974 is divided by 32478?
106
Calculate the remainder when 6868196 is divided by 22.
16
What is the remainder when 7048107 is divided by 16?
11
Calculate the remainder when 126108 is divided by 194.
8
What is the remainder when 6167113 is divided by 273?
43
Calculate the remainder when 463822801 is divided by 863.
862
Calculate the remainder when 788693 is divided by 173.
159
What is the remainder when 100822815 is divided by 3120?
15
What is the remainder when 241353176 is divided by 120676585?
6
Calculate the remainder when 16334014 is divided by 745.
634
Calculate the remainder when 330773977 is divided by 165386986.
5
What is the remainder when 67182913 is divided by 454?
447
What is the remainder when 28412577 is divided by 28412533?
44
Calculate the remainder when 1641328 is divided by 1786.
1780
Calculate the remainder when 116360641 is divided by 116.
113
What is the remainder when 42387 is divided by 756?
51
What is the remainder when 63214769 is divided by 292?
273
What is the remainder when 9875 is divided by 9784?
91
Calculate the remainder when 449383 is divided by 112315.
123
What is the remainder when 21714933 is divided by 188?
181
Calculate the remainder when 1977892 is divided by 2850.
2842
Calculate the remainder when 1642124 is divided by 5643.
11
What is the remainder when 2930247 is divided by 152?
143
Calculate the remainder when 649235 is divided by 81152.
19
What is the remainder when 60440 is divided by 58?
4
What is the remainder when 947758 is divided by 472961?
1836
Calculate the remainder when 790283 is divided by 3820.
3363
Calculate the remainder when 3079082 is divided by 1539538.
6
What is the remainder when 116386440 is divided by 173?
171
Calculate the remainder when 986866 is divided by 328948.
22
What is the remainder when 3400752 is divided by 23?
18
What is the remainder when 42079329 is divided by 802?
795
Calculate the remainder when 36861491 is divided by 274.
271
What is the remainder when 769263 is divided by 9520?
7663
Calculate the remainder when 50731057 is divided by 1139.
1136
Calculate the remainder when 3703131 is divided by 2313.
18
What is the remainder when 1106647 is divided by 941?
31
Calculate the remainder when 158738217 is divided by 52912733.
18
What is the remainder when 1242188 is divided by 156?
116
What is the remainder when 44001687 is divided by 3697?
3690
Calculate the remainder when 22952458 is divided by 26.
22
What is the remainder when 862628 is divided by 2885?
13
What is the remainder when 4095885 is divided by 709?
701
What is the remainder when 16942 is divided by 1197?
184
Calculate the remainder when 12350 is divided by 117.
65
What is the remainder when 1342542 is divided by 379?
124
What is the remainder when 113730 is divided by 596?
490
Calculate the remainder when 7810343 is divided by 204.
203
What is the remainder when 14910700 is divided by 592?
588
Calculate the remainder when 2541241 is divided by 212.
209
What is the remainder when 112668078 is divided by 20?
18
What is the remainder when 13835083 is divided by 2767008?
43
Calculate the remainder when 327194 is divided by 1098.
1088
What is the remainder when 2082176 is divided by 45?
26
Calculate the remainder when 809773 is divided by 2171.
2161
Calculate the remainder when 696785 is divided by 174192.
17
What is the remainder when 1502114 is divided by 11?
9
Calculate the remainder when 210333 is divided by 26234.
461
Calculate the remainder when 1143158 is divided by 21.
2
What is the remainder when 76645 is divided by 3641?
184
Calculate the remainder when 4765085 is divided by 18118.
51
What is the remainder when 7258 is divided by 1178?
190
What is the remainder when 368199 is divided by 4267?
1237
Calculate the remainder when 136369469 is divided by 10.
9
What is the remainder when 4388013 is divided by 2758?
35
What is the remainder when 539612984 is divided by 3579?
3575
Calculate the remainder when 5615114 is divided by 3014.
32
What is the remainder when 40112115 is divided by 224?
211
Calculate the remainder when 139146 is divided by 17046.
2778
Calculate the remainder when 64751182 is divided by 444.
442
Calculate the remainder when 54379 is divided by 2459.
281
Calculate the remainder when 2388867 is divided by 330.
327
Calculate the remainder when 9914 is divided by 3265.
119
Calculate the remainder when 2007840 is divided by 57366.
30
Calculate the remainder when 194560 is divided by 17656.
344
What is the remainder when 16285722 is divided by 92?
66
Calculate the remainder when 108433 is divided by 6540.
3793
What is the remainder when 71734301 is divided by 11955716?
5
Calculate the remainder when 166957 is divided by 3275.
3207
Calculate the remainder when 287455 is divided by 71771.
371
Calculate the remainder when 68217 is divided by 2361.
2109
What is the remainder when 16961 is divided by 16828?
133
What is the remainder when 166993 is divided by 166841?
152
What is the remainder when 1234826 is divided by 23297?
85
What is the remainder when 55252362 is divided by 13301?
8
What is the remainder when 442982 is divided by 2070?
2
Calculate the remainder when 562022 is divided by 6240.
422
Calculate the remainder when 299455 is divided by 788.
15
Calculate the remainder when 6846824 is divided by 1016.
0
Calculate the remainder when 34389541 is divided by 614098.
53
Calculate the remainder when 11773340 is divided by 16.
12
Calculate the remainder when 9386453 is divided by 1537.
1531
What is the remainder when 81545651 is divided by 54?
35
What is the remainder when 3475008 is divided by 452?
32
What is the remainder when 558725 is divided by 558392?
333
What is the remainder when 114711 is divided by 446?
89
What is the remainder when 4582118 is divided by 132?
2
What is the remainder when 45305917 is divided by 880?
877
What is the remainder when 2923851 is divided by 1461924?
3
What is the remainder when 45209422 is divided by 51316?
26
What is the remainder when 24824738 is divided by 10?
8
What is the remainder when 3187919 is divided by 4379?
7
Calculate the remainder when 350932 is divided by 43789.
620
What is the remainder when 7773 is divided by 747?
303
Calculate the remainder when 88777 is divided by 12652.
213
Calculate the remainder when 4200126 is divided by 996.
990
Calculate the remainder when 1205630 is divided by 34.
24
What is the remainder when 4697940 is divided by 130497?
48
Calculate the remainder when 258024 is divided by 6972.
60
What is the remainder when 1744336 is divided by 2655?
1
What is the remainder when 40869282 is divided by 2348?
2342
What is the remainder when 593090 is divided by 296533?
24
Calculate the remainder when 450524 is divided by 27602.
8892
Calculate the remainder when 19464955 is divided by 423151.
9
What is the remainder when 1790102 is divided by 884?
2
Calculate the remainder when 35816294 is divided by 11.
8
What is the remainder when 248993 is divided by 21?
17
What is the remainder when 243686 is divided by 243652?
34
What is the remainder when 1083636538 is divided by 12?
10
What is the remainder when 296388 is divided by 208?
196
Calculate the remainder when 1865974 is divided by 69110.
4
What is the remainder when 2891943 is divided by 1812?
1803
What is the remainder when 3059448 is divided by 339931?
69
What is the remainder when 4074904 is divided by 4074870?
34
Calculate the remainder when 1088850 is divided by 147.
21
What is the remainder when 9564080 is divided by 690?
680
What is the remainder when 4167206 is divided by 60393?
89
Calculate the remainder when 9395 is divided by 2265.
335
What is the remainder when 1421168 is divided by 473171?
1655
Calculate the remainder when 300654 is divided by 8125.
29
What is the remainder when 90460 is divided by 4305?
55
Calculate the remainder when 65670 is divided by 4814.
3088
Calculate the remainder when 143158 is divided by 6643.
3655
Calculate the remainder when 4157275 is divided by 14.
3
What is the remainder when 2023705 is divided by 269?
18
Calculate the remainder when 34300 is d